{"id":283,"date":"2022-04-15T10:26:28","date_gmt":"2022-04-15T10:26:28","guid":{"rendered":"https:\/\/wp.deihm.de\/?page_id=283"},"modified":"2022-06-09T12:24:17","modified_gmt":"2022-06-09T12:24:17","slug":"leitung","status":"publish","type":"page","link":"https:\/\/www.deihm.de\/wp\/?page_id=283","title":{"rendered":"Seminare"},"content":{"rendered":"\n<p><strong>Lernen soll Spa\u00df machen<\/strong><\/p>\n\n\n\n<p>In positiver Stimmung wirkt Erlerntes viel nachhaltiger und viel l\u00e4nger und nach diesem Prinzip sind auch die Seminare bei DEIHM gestaltet. F\u00fcr die Seminarinhalte und die einheitliche Gestaltung ist&nbsp;Birgit Baden&nbsp;(Leiterin von DEIHM) verantwortlich.<\/p>\n\n\n\n<p>Da ein gro\u00dfer Teil des Angebotes von DEIHM eine Mischung aus Theorie und Praxis ist, hat DEIHM gro\u00dfen Wert auf ausreichende und lebensnahe Trainingsm\u00f6glichkeiten gelegt. Unsere Seminare finden in einem wundersch\u00f6nen Umfeld in Schneverdingen statt, direkt in der L\u00fcneburger Heide.<\/p>\n\n\n\n<p><strong>DEIHM steht ein&nbsp; umfangreiches Trainingsgel\u00e4nde zur Verf\u00fcgung.<\/strong><\/p>\n\n\n\n<ul class=\"wp-block-list\"><li>DEIHM verf\u00fcgt \u00fcber eine 10.000 qm eingez\u00e4unte Wiese.<\/li><\/ul>\n\n\n\n<ul class=\"wp-block-list\"><li>Ein kompletter Agilityparcours steht zur Verf\u00fcgung.<\/li><\/ul>\n\n\n\n<ul class=\"wp-block-list\"><li>Eine Therapiehalle kann bei schlechtem Wetter benutzt werden.<\/li><\/ul>\n\n\n\n<ul class=\"wp-block-list\"><li>DEIHM hat die Erlaubnis, auch au\u00dferhalb des Institutsgel\u00e4ndes auf \u00f6ffentlichem Verkehrsgrund zu arbeiten.&nbsp;<\/li><\/ul>\n\n\n\n<ul class=\"wp-block-list\"><li>Die Schulungen f\u00fcr Schulbesuchshunde sowie Schulhunde f\u00fcr P\u00e4dagogen finden in hellen, freundlichen R\u00e4umen in einer Grundschule statt.<\/li><li>Weiterbildungen zum Therapiebegleithund finden in einem Alten- und Pflegeheim, oder einem Wohnheim der Lebenshilfe statt.<\/li><li>\u00a0DEIHM ist auch technisch gut ausgestattet.<\/li><\/ul>\n\n\n\n<figure class=\"wp-block-gallery has-nested-images columns-default is-cropped wp-block-gallery-1 is-layout-flex wp-block-gallery-is-layout-flex\">\n<figure class=\"wp-block-image size-large\"><img loading=\"lazy\" decoding=\"async\" width=\"960\" height=\"540\" data-id=\"563\" src=\"https:\/\/www.deihm.de\/wp\/wp-content\/uploads\/2022\/06\/2-Kopie.jpg\" alt=\"\" class=\"wp-image-563\" srcset=\"https:\/\/www.deihm.de\/wp\/wp-content\/uploads\/2022\/06\/2-Kopie.jpg 960w, https:\/\/www.deihm.de\/wp\/wp-content\/uploads\/2022\/06\/2-Kopie-300x169.jpg 300w, https:\/\/www.deihm.de\/wp\/wp-content\/uploads\/2022\/06\/2-Kopie-768x432.jpg 768w, https:\/\/www.deihm.de\/wp\/wp-content\/uploads\/2022\/06\/2-Kopie-600x338.jpg 600w\" sizes=\"auto, (max-width: 960px) 100vw, 960px\" \/><\/figure>\n<\/figure>\n\n\n\n<figure class=\"wp-block-gallery has-nested-images columns-default is-cropped wp-block-gallery-2 is-layout-flex wp-block-gallery-is-layout-flex\">\n<figure class=\"wp-block-image size-large\"><img loading=\"lazy\" decoding=\"async\" width=\"1024\" height=\"682\" data-id=\"564\" src=\"https:\/\/www.deihm.de\/wp\/wp-content\/uploads\/2022\/06\/IMG_5226-Kopie-1024x682.jpeg\" alt=\"\" class=\"wp-image-564\" srcset=\"https:\/\/www.deihm.de\/wp\/wp-content\/uploads\/2022\/06\/IMG_5226-Kopie-1024x682.jpeg 1024w, https:\/\/www.deihm.de\/wp\/wp-content\/uploads\/2022\/06\/IMG_5226-Kopie-300x200.jpeg 300w, https:\/\/www.deihm.de\/wp\/wp-content\/uploads\/2022\/06\/IMG_5226-Kopie-768x512.jpeg 768w, https:\/\/www.deihm.de\/wp\/wp-content\/uploads\/2022\/06\/IMG_5226-Kopie-600x400.jpeg 600w, https:\/\/www.deihm.de\/wp\/wp-content\/uploads\/2022\/06\/IMG_5226-Kopie.jpeg 1280w\" sizes=\"auto, (max-width: 1024px) 100vw, 1024px\" \/><\/figure>\n<\/figure>\n\n\n\n<figure class=\"wp-block-gallery has-nested-images columns-default is-cropped wp-block-gallery-3 is-layout-flex wp-block-gallery-is-layout-flex\"><\/figure>\n","protected":false},"excerpt":{"rendered":"<p>Lernen soll Spa\u00df machen In positiver Stimmung wirkt Erlerntes viel nachhaltiger und viel l\u00e4nger und nach diesem Prinzip sind auch die Seminare bei DEIHM gestaltet. F\u00fcr die Seminarinhalte und die einheitliche Gestaltung ist&nbsp;Birgit Baden&nbsp;(Leiterin von DEIHM) verantwortlich. Da ein gro\u00dfer Teil des Angebotes von DEIHM eine Mischung aus Theorie und Praxis ist, hat DEIHM gro\u00dfen&hellip; <a class=\"more-link\" href=\"https:\/\/www.deihm.de\/wp\/?page_id=283\"><span class=\"screen-reader-text\">Seminare<\/span> weiterlesen<\/a><\/p>\n","protected":false},"author":1,"featured_media":0,"parent":264,"menu_order":0,"comment_status":"closed","ping_status":"closed","template":"","meta":{"footnotes":""},"class_list":["post-283","page","type-page","status-publish","hentry","entry"],"_links":{"self":[{"href":"https:\/\/www.deihm.de\/wp\/index.php?rest_route=\/wp\/v2\/pages\/283","targetHints":{"allow":["GET"]}}],"collection":[{"href":"https:\/\/www.deihm.de\/wp\/index.php?rest_route=\/wp\/v2\/pages"}],"about":[{"href":"https:\/\/www.deihm.de\/wp\/index.php?rest_route=\/wp\/v2\/types\/page"}],"author":[{"embeddable":true,"href":"https:\/\/www.deihm.de\/wp\/index.php?rest_route=\/wp\/v2\/users\/1"}],"replies":[{"embeddable":true,"href":"https:\/\/www.deihm.de\/wp\/index.php?rest_route=%2Fwp%2Fv2%2Fcomments&post=283"}],"version-history":[{"count":3,"href":"https:\/\/www.deihm.de\/wp\/index.php?rest_route=\/wp\/v2\/pages\/283\/revisions"}],"predecessor-version":[{"id":565,"href":"https:\/\/www.deihm.de\/wp\/index.php?rest_route=\/wp\/v2\/pages\/283\/revisions\/565"}],"up":[{"embeddable":true,"href":"https:\/\/www.deihm.de\/wp\/index.php?rest_route=\/wp\/v2\/pages\/264"}],"wp:attachment":[{"href":"https:\/\/www.deihm.de\/wp\/index.php?rest_route=%2Fwp%2Fv2%2Fmedia&parent=283"}],"curies":[{"name":"wp","href":"https:\/\/api.w.org\/{rel}","templated":true}]}}

<p><strong>Lernen soll Spaß machen</strong></p>



<p>In positiver Stimmung wirkt Erlerntes viel nachhaltiger und viel länger und nach diesem Prinzip sind auch die Seminare bei DEIHM gestaltet. Für die Seminarinhalte und die einheitliche Gestaltung ist&nbsp;Birgit Baden&nbsp;(Leiterin von DEIHM) verantwortlich.</p>



<p>Da ein großer Teil des Angebotes von DEIHM eine Mischung aus Theorie und Praxis ist, hat DEIHM großen Wert auf ausreichende und lebensnahe Trainingsmöglichkeiten gelegt. Unsere Seminare finden in einem wunderschönen Umfeld in Schneverdingen statt, direkt in der Lüneburger Heide.</p>



<p><strong>DEIHM steht ein&nbsp; umfangreiches Trainingsgelände zur Verfügung.</strong></p>



<ul class="wp-block-list"><li>DEIHM verfügt über eine 10.000 qm eingezäunte Wiese.</li></ul>



<ul class="wp-block-list"><li>Ein kompletter Agilityparcours steht zur Verfügung.</li></ul>



<ul class="wp-block-list"><li>Eine Therapiehalle kann bei schlechtem Wetter benutzt werden.</li></ul>



<ul class="wp-block-list"><li>DEIHM hat die Erlaubnis, auch außerhalb des Institutsgeländes auf öffentlichem Verkehrsgrund zu arbeiten.&nbsp;</li></ul>



<ul class="wp-block-list"><li>Die Schulungen für Schulbesuchshunde sowie Schulhunde für Pädagogen finden in hellen, freundlichen Räumen in einer Grundschule statt.</li><li>Weiterbildungen zum Therapiebegleithund finden in einem Alten- und Pflegeheim, oder einem Wohnheim der Lebenshilfe statt.</li><li> DEIHM ist auch technisch gut ausgestattet.</li></ul>



<figure class="wp-block-gallery has-nested-images columns-default is-cropped wp-block-gallery-1 is-layout-flex wp-block-gallery-is-layout-flex">
<figure class="wp-block-image size-large"><img loading="lazy" decoding="async" width="960" height="540" data-id="563" src="https://www.deihm.de/wp/wp-content/uploads/2022/06/2-Kopie.jpg" alt="" class="wp-image-563" srcset="https://www.deihm.de/wp/wp-content/uploads/2022/06/2-Kopie.jpg 960w, https://www.deihm.de/wp/wp-content/uploads/2022/06/2-Kopie-300x169.jpg 300w, https://www.deihm.de/wp/wp-content/uploads/2022/06/2-Kopie-768x432.jpg 768w, https://www.deihm.de/wp/wp-content/uploads/2022/06/2-Kopie-600x338.jpg 600w" sizes="auto, (max-width: 960px) 100vw, 960px" /></figure>
</figure>



<figure class="wp-block-gallery has-nested-images columns-default is-cropped wp-block-gallery-2 is-layout-flex wp-block-gallery-is-layout-flex">
<figure class="wp-block-image size-large"><img loading="lazy" decoding="async" width="1024" height="682" data-id="564" src="https://www.deihm.de/wp/wp-content/uploads/2022/06/IMG_5226-Kopie-1024x682.jpeg" alt="" class="wp-image-564" srcset="https://www.deihm.de/wp/wp-content/uploads/2022/06/IMG_5226-Kopie-1024x682.jpeg 1024w, https://www.deihm.de/wp/wp-content/uploads/2022/06/IMG_5226-Kopie-300x200.jpeg 300w, https://www.deihm.de/wp/wp-content/uploads/2022/06/IMG_5226-Kopie-768x512.jpeg 768w, https://www.deihm.de/wp/wp-content/uploads/2022/06/IMG_5226-Kopie-600x400.jpeg 600w, https://www.deihm.de/wp/wp-content/uploads/2022/06/IMG_5226-Kopie.jpeg 1280w" sizes="auto, (max-width: 1024px) 100vw, 1024px" /></figure>
</figure>



<figure class="wp-block-gallery has-nested-images columns-default is-cropped wp-block-gallery-3 is-layout-flex wp-block-gallery-is-layout-flex"></figure>

<p>Lernen soll Spaß machen In positiver Stimmung wirkt Erlerntes viel nachhaltiger und viel länger und nach diesem Prinzip sind auch die Seminare bei DEIHM gestaltet. Für die Seminarinhalte und die einheitliche Gestaltung ist&nbsp;Birgit Baden&nbsp;(Leiterin von DEIHM) verantwortlich. Da ein großer Teil des Angebotes von DEIHM eine Mischung aus Theorie und Praxis ist, hat DEIHM großen&hellip; <a class="more-link" href="https://www.deihm.de/wp/?page_id=283"><span class="screen-reader-text">Seminare</span> weiterlesen</a></p>
