{"id":359,"date":"2022-04-15T17:38:42","date_gmt":"2022-04-15T17:38:42","guid":{"rendered":"https:\/\/wp.deihm.de\/?page_id=359"},"modified":"2024-04-17T07:22:30","modified_gmt":"2024-04-17T07:22:30","slug":"unser-team","status":"publish","type":"page","link":"https:\/\/www.deihm.de\/wp\/?page_id=359","title":{"rendered":"Unser Team"},"content":{"rendered":"\n<p><strong>Leitung von DEIHM<\/strong> Birgit Baden<\/p>\n\n\n\n<div class=\"wp-block-columns is-layout-flex wp-container-core-columns-is-layout-9d6595d7 wp-block-columns-is-layout-flex\">\n<div class=\"wp-block-column is-layout-flow wp-block-column-is-layout-flow\" style=\"flex-basis:100%\">\n<figure class=\"wp-block-gallery alignleft has-nested-images columns-default is-cropped wp-block-gallery-1 is-layout-flex wp-block-gallery-is-layout-flex\">\n<figure class=\"wp-block-image size-large is-style-default\"><img loading=\"lazy\" decoding=\"async\" width=\"545\" height=\"641\" data-id=\"582\" src=\"https:\/\/www.deihm.de\/wp\/wp-content\/uploads\/2022\/06\/MSO8AAD45589D8-Kopie-1.jpg\" alt=\"\" class=\"wp-image-582\" srcset=\"https:\/\/www.deihm.de\/wp\/wp-content\/uploads\/2022\/06\/MSO8AAD45589D8-Kopie-1.jpg 545w, https:\/\/www.deihm.de\/wp\/wp-content\/uploads\/2022\/06\/MSO8AAD45589D8-Kopie-1-255x300.jpg 255w\" sizes=\"auto, (max-width: 545px) 100vw, 545px\" \/><figcaption class=\"wp-element-caption\">Birgit Baden<\/figcaption><\/figure>\n<\/figure>\n<\/div>\n<\/div>\n\n\n\n<ul class=\"wp-block-list\">\n<li>Fachberaterin f\u00fcr tiergest\u00fctze F\u00f6rderma\u00dfnahmen mit Anerkennung der <em>International Society for Animal Assisted Therapy (ISAAT)<\/em> seit 2007.<\/li>\n\n\n\n<li>Anerkannte Hundetrainerin nach \u00a711 des Tierschutzgesetzes.<\/li>\n\n\n\n<li>Leitung von De l\u00fctte Hof (siehe <a rel=\"noreferrer noopener\" href=\"http:\/\/www.de-luette-hof.de\/\" target=\"_blank\">www.de-luette-hof.de<\/a>).<\/li>\n\n\n\n<li>Arbeitsschwerpunkte &#8222;De l\u00fctte Hof&#8220;: Tiergest\u00fctzte F\u00f6rderung mit AD(H)S Kindern, geistig- und k\u00f6rperlich behinderten Kindern, Hilfe bei Hundephobie, Tierbesuchsdienste in Alten- und Pflegeheimen, sowie dem Schulhundbesuchsprogramm &#8222;Hunde machen Schule&#8220; f\u00fcr Kinderg\u00e4rten und Schulen.<\/li>\n<\/ul>\n\n\n\n<p><\/p>\n\n\n\n<p><strong>Tobias Blum<\/strong><\/p>\n\n\n\n<div class=\"wp-block-columns is-layout-flex wp-container-core-columns-is-layout-9d6595d7 wp-block-columns-is-layout-flex\">\n<div class=\"wp-block-column is-layout-flow wp-block-column-is-layout-flow\" style=\"flex-basis:100%\">\n<figure class=\"wp-block-gallery alignleft has-nested-images columns-default is-cropped wp-block-gallery-2 is-layout-flex wp-block-gallery-is-layout-flex\">\n<figure class=\"wp-block-image size-large\"><img loading=\"lazy\" decoding=\"async\" width=\"1024\" height=\"1024\" data-id=\"672\" src=\"https:\/\/www.deihm.de\/wp\/wp-content\/uploads\/2022\/06\/Tobias-1024x1024.jpeg\" alt=\"\" class=\"wp-image-672\" srcset=\"https:\/\/www.deihm.de\/wp\/wp-content\/uploads\/2022\/06\/Tobias-1024x1024.jpeg 1024w, https:\/\/www.deihm.de\/wp\/wp-content\/uploads\/2022\/06\/Tobias-300x300.jpeg 300w, https:\/\/www.deihm.de\/wp\/wp-content\/uploads\/2022\/06\/Tobias-150x150.jpeg 150w, https:\/\/www.deihm.de\/wp\/wp-content\/uploads\/2022\/06\/Tobias-768x768.jpeg 768w, https:\/\/www.deihm.de\/wp\/wp-content\/uploads\/2022\/06\/Tobias-450x450.jpeg 450w, https:\/\/www.deihm.de\/wp\/wp-content\/uploads\/2022\/06\/Tobias-600x600.jpeg 600w, https:\/\/www.deihm.de\/wp\/wp-content\/uploads\/2022\/06\/Tobias-100x100.jpeg 100w, https:\/\/www.deihm.de\/wp\/wp-content\/uploads\/2022\/06\/Tobias.jpeg 1512w\" sizes=\"auto, (max-width: 1024px) 100vw, 1024px\" \/><figcaption class=\"wp-element-caption\">Tobias Blum<\/figcaption><\/figure>\n<\/figure>\n<\/div>\n<\/div>\n\n\n\n<ul class=\"wp-block-list\">\n<li>Fachberater f\u00fcr tiergest\u00fctze F\u00f6rderma\u00dfnahmen mit Anerkennung der <em>International Society for Animal Assisted Therapy (ISAAT)<\/em>. Seit 2014  Unterst\u00fctzung von verschieden Projekten mit Kindern auf &#8222;De l\u00fctte Hof&#8220; (siehe <a rel=\"noreferrer noopener\" href=\"http:\/\/www.de-luette-hof.de\/\" target=\"_blank\">www.de-luette-hof.de<\/a>)<\/li>\n\n\n\n<li>Hundetrainer in Ausbildung nach \u00a711<\/li>\n\n\n\n<li>Schulbesuchshund&nbsp; seit 2016<\/li>\n\n\n\n<li>Therapiebegleithund seit 2018<\/li>\n\n\n\n<li>staatlich anerkannter Erzieher<\/li>\n<\/ul>\n\n\n\n<p><\/p>\n\n\n\n<p><strong>Birgit Carstens<\/strong><\/p>\n\n\n\n<div class=\"wp-block-columns is-layout-flex wp-container-core-columns-is-layout-9d6595d7 wp-block-columns-is-layout-flex\">\n<div class=\"wp-block-column is-layout-flow wp-block-column-is-layout-flow\" style=\"flex-basis:100%\">\n<figure class=\"wp-block-gallery alignleft has-nested-images columns-default is-cropped wp-block-gallery-3 is-layout-flex wp-block-gallery-is-layout-flex\">\n<figure class=\"wp-block-image size-large\"><img loading=\"lazy\" decoding=\"async\" width=\"576\" height=\"1024\" data-id=\"541\" src=\"https:\/\/www.deihm.de\/wp\/wp-content\/uploads\/2022\/06\/Birgitt-576x1024.jpg\" alt=\"\" class=\"wp-image-541\" srcset=\"https:\/\/www.deihm.de\/wp\/wp-content\/uploads\/2022\/06\/Birgitt-576x1024.jpg 576w, https:\/\/www.deihm.de\/wp\/wp-content\/uploads\/2022\/06\/Birgitt-169x300.jpg 169w, https:\/\/www.deihm.de\/wp\/wp-content\/uploads\/2022\/06\/Birgitt-768x1365.jpg 768w, https:\/\/www.deihm.de\/wp\/wp-content\/uploads\/2022\/06\/Birgitt-864x1536.jpg 864w, https:\/\/www.deihm.de\/wp\/wp-content\/uploads\/2022\/06\/Birgitt-600x1067.jpg 600w, https:\/\/www.deihm.de\/wp\/wp-content\/uploads\/2022\/06\/Birgitt.jpg 900w\" sizes=\"auto, (max-width: 576px) 100vw, 576px\" \/><figcaption class=\"wp-element-caption\">Birgitt Carstens<\/figcaption><\/figure>\n<\/figure>\n<\/div>\n<\/div>\n\n\n\n<ul class=\"wp-block-list\">\n<li>Grund-, Haupt- und Realschullehrerin<\/li>\n\n\n\n<li> Schulhund seit 2017<\/li>\n\n\n\n<li>Anka ist Klassenhund in einer Grundschulklasse. <\/li>\n\n\n\n<li>AG-Bereich von Grund- und Oberschule.<\/li>\n\n\n\n<li>Oberschulbereich zum Angstabbau und zur Wissensvermittlung.<\/li>\n\n\n\n<li>Als freie Autorin schreibt Birgitt Carstens in ihrer Freizeit f\u00fcr unterschiedliche Verlage im Vor- und Grundschulbereich und erstellt Manuskripte f\u00fcr Schulaktionen.<\/li>\n<\/ul>\n\n\n\n<p><\/p>\n\n\n\n<p><strong>Astrid Burmester<\/strong><\/p>\n\n\n\n<figure class=\"wp-block-image size-full\"><img loading=\"lazy\" decoding=\"async\" width=\"1024\" height=\"768\" src=\"https:\/\/www.deihm.de\/wp\/wp-content\/uploads\/2022\/08\/Astrid-Burmester-2.jpg\" alt=\"\" class=\"wp-image-839\" srcset=\"https:\/\/www.deihm.de\/wp\/wp-content\/uploads\/2022\/08\/Astrid-Burmester-2.jpg 1024w, https:\/\/www.deihm.de\/wp\/wp-content\/uploads\/2022\/08\/Astrid-Burmester-2-300x225.jpg 300w, https:\/\/www.deihm.de\/wp\/wp-content\/uploads\/2022\/08\/Astrid-Burmester-2-768x576.jpg 768w, https:\/\/www.deihm.de\/wp\/wp-content\/uploads\/2022\/08\/Astrid-Burmester-2-600x450.jpg 600w\" sizes=\"auto, (max-width: 1024px) 100vw, 1024px\" \/><\/figure>\n\n\n\n<ul class=\"wp-block-list\">\n<li>Anerkannte Hundetrainerin nach \u00a711 Tierschutzgesetz<\/li>\n\n\n\n<li>Diplom Musikp\u00e4dagogin<\/li>\n\n\n\n<li>Seit 2013 eigene Hundeschule (<a href=\"http:\/\/www.teamtraininghund.de\">www.teamtraininghund.de<\/a>)<\/li>\n\n\n\n<li>Hundesportlich aktiv in Rally Obedience, Obedience, Agility und Hoopers<\/li>\n\n\n\n<li>2004-2015 Rettungshundef\u00fchrerin, -ausbilderin und -pr\u00fcferin Fl\u00e4che im ASB<\/li>\n\n\n\n<li>Z\u00fcchterin im Australian Shepherd Club of America (<a href=\"http:\/\/www.jackanapes-aussies.de\">www.jackanapes-aussies.de<\/a>)<\/li>\n<\/ul>\n\n\n\n<p><strong>Marianne Finger<\/strong><\/p>\n\n\n\n<div class=\"wp-block-columns is-layout-flex wp-container-core-columns-is-layout-9d6595d7 wp-block-columns-is-layout-flex\">\n<div class=\"wp-block-column is-layout-flow wp-block-column-is-layout-flow\" style=\"flex-basis:100%\">\n<figure class=\"wp-block-gallery alignleft has-nested-images columns-default is-cropped wp-block-gallery-4 is-layout-flex wp-block-gallery-is-layout-flex\">\n<figure class=\"wp-block-image size-large\"><img loading=\"lazy\" decoding=\"async\" width=\"724\" height=\"1024\" data-id=\"678\" src=\"https:\/\/www.deihm.de\/wp\/wp-content\/uploads\/2022\/06\/Marianne-724x1024.jpeg\" alt=\"\" class=\"wp-image-678\" srcset=\"https:\/\/www.deihm.de\/wp\/wp-content\/uploads\/2022\/06\/Marianne-724x1024.jpeg 724w, https:\/\/www.deihm.de\/wp\/wp-content\/uploads\/2022\/06\/Marianne-212x300.jpeg 212w, https:\/\/www.deihm.de\/wp\/wp-content\/uploads\/2022\/06\/Marianne-768x1086.jpeg 768w, https:\/\/www.deihm.de\/wp\/wp-content\/uploads\/2022\/06\/Marianne-600x848.jpeg 600w, https:\/\/www.deihm.de\/wp\/wp-content\/uploads\/2022\/06\/Marianne.jpeg 1018w\" sizes=\"auto, (max-width: 724px) 100vw, 724px\" \/><figcaption class=\"wp-element-caption\">Marianne Finger (links)<\/figcaption><\/figure>\n<\/figure>\n<\/div>\n<\/div>\n\n\n\n<ul class=\"wp-block-list\">\n<li>Zertifizierung zur Pr\u00fcferin nach \u00a7 3 Abs. 3 Nieders. Gesetz \u00fcber das halten von Hunden (NHundG)<\/li>\n\n\n\n<li>VDH lizenzierte Ausbilderin und Pr\u00fcferin<\/li>\n\n\n\n<li>Schulbesuchshundeprogramm seit 2007<\/li>\n\n\n\n<li>Hundebesuchsdienste in Pflegewohnstiften <\/li>\n\n\n\n<li>Einzelberatung und Verhaltenstherapie<\/li>\n\n\n\n<li>Verbandsrichterin des JGHV und Sonderrichter Schwei\u00df JGH seit 1997<\/li>\n\n\n\n<li>Z\u00fcchterin im Verein f\u00fcr Pointer und Setter e.V.\/FCI<\/li>\n\n\n\n<li>J\u00e4gerin\/Falknerin seit 1987<\/li>\n<\/ul>\n\n\n\n<p><\/p>\n\n\n\n<p><\/p>\n\n\n\n<p><\/p>\n\n\n\n<div class=\"wp-block-columns is-layout-flex wp-container-core-columns-is-layout-9d6595d7 wp-block-columns-is-layout-flex\">\n<div class=\"wp-block-column is-layout-flow wp-block-column-is-layout-flow\" style=\"flex-basis:100%\"><\/div>\n<\/div>\n","protected":false},"excerpt":{"rendered":"<p>Leitung von DEIHM Birgit Baden Tobias Blum Birgit Carstens Astrid Burmester Marianne Finger<\/p>\n","protected":false},"author":1,"featured_media":0,"parent":0,"menu_order":0,"comment_status":"closed","ping_status":"closed","template":"","meta":{"footnotes":""},"class_list":["post-359","page","type-page","status-publish","hentry","entry"],"_links":{"self":[{"href":"https:\/\/www.deihm.de\/wp\/index.php?rest_route=\/wp\/v2\/pages\/359","targetHints":{"allow":["GET"]}}],"collection":[{"href":"https:\/\/www.deihm.de\/wp\/index.php?rest_route=\/wp\/v2\/pages"}],"about":[{"href":"https:\/\/www.deihm.de\/wp\/index.php?rest_route=\/wp\/v2\/types\/page"}],"author":[{"embeddable":true,"href":"https:\/\/www.deihm.de\/wp\/index.php?rest_route=\/wp\/v2\/users\/1"}],"replies":[{"embeddable":true,"href":"https:\/\/www.deihm.de\/wp\/index.php?rest_route=%2Fwp%2Fv2%2Fcomments&post=359"}],"version-history":[{"count":23,"href":"https:\/\/www.deihm.de\/wp\/index.php?rest_route=\/wp\/v2\/pages\/359\/revisions"}],"predecessor-version":[{"id":1004,"href":"https:\/\/www.deihm.de\/wp\/index.php?rest_route=\/wp\/v2\/pages\/359\/revisions\/1004"}],"wp:attachment":[{"href":"https:\/\/www.deihm.de\/wp\/index.php?rest_route=%2Fwp%2Fv2%2Fmedia&parent=359"}],"curies":[{"name":"wp","href":"https:\/\/api.w.org\/{rel}","templated":true}]}}

<p><strong>Leitung von DEIHM</strong> Birgit Baden</p>



<div class="wp-block-columns is-layout-flex wp-container-core-columns-is-layout-9d6595d7 wp-block-columns-is-layout-flex">
<div class="wp-block-column is-layout-flow wp-block-column-is-layout-flow" style="flex-basis:100%">
<figure class="wp-block-gallery alignleft has-nested-images columns-default is-cropped wp-block-gallery-1 is-layout-flex wp-block-gallery-is-layout-flex">
<figure class="wp-block-image size-large is-style-default"><img loading="lazy" decoding="async" width="545" height="641" data-id="582" src="https://www.deihm.de/wp/wp-content/uploads/2022/06/MSO8AAD45589D8-Kopie-1.jpg" alt="" class="wp-image-582" srcset="https://www.deihm.de/wp/wp-content/uploads/2022/06/MSO8AAD45589D8-Kopie-1.jpg 545w, https://www.deihm.de/wp/wp-content/uploads/2022/06/MSO8AAD45589D8-Kopie-1-255x300.jpg 255w" sizes="auto, (max-width: 545px) 100vw, 545px" /><figcaption class="wp-element-caption">Birgit Baden</figcaption></figure>
</figure>
</div>
</div>



<ul class="wp-block-list">
<li>Fachberaterin für tiergestütze Fördermaßnahmen mit Anerkennung der <em>International Society for Animal Assisted Therapy (ISAAT)</em> seit 2007.</li>



<li>Anerkannte Hundetrainerin nach §11 des Tierschutzgesetzes.</li>



<li>Leitung von De lütte Hof (siehe <a rel="noreferrer noopener" href="http://www.de-luette-hof.de/" target="_blank">www.de-luette-hof.de</a>).</li>



<li>Arbeitsschwerpunkte &#8222;De lütte Hof&#8220;: Tiergestützte Förderung mit AD(H)S Kindern, geistig- und körperlich behinderten Kindern, Hilfe bei Hundephobie, Tierbesuchsdienste in Alten- und Pflegeheimen, sowie dem Schulhundbesuchsprogramm &#8222;Hunde machen Schule&#8220; für Kindergärten und Schulen.</li>
</ul>



<p></p>



<p><strong>Tobias Blum</strong></p>



<div class="wp-block-columns is-layout-flex wp-container-core-columns-is-layout-9d6595d7 wp-block-columns-is-layout-flex">
<div class="wp-block-column is-layout-flow wp-block-column-is-layout-flow" style="flex-basis:100%">
<figure class="wp-block-gallery alignleft has-nested-images columns-default is-cropped wp-block-gallery-2 is-layout-flex wp-block-gallery-is-layout-flex">
<figure class="wp-block-image size-large"><img loading="lazy" decoding="async" width="1024" height="1024" data-id="672" src="https://www.deihm.de/wp/wp-content/uploads/2022/06/Tobias-1024x1024.jpeg" alt="" class="wp-image-672" srcset="https://www.deihm.de/wp/wp-content/uploads/2022/06/Tobias-1024x1024.jpeg 1024w, https://www.deihm.de/wp/wp-content/uploads/2022/06/Tobias-300x300.jpeg 300w, https://www.deihm.de/wp/wp-content/uploads/2022/06/Tobias-150x150.jpeg 150w, https://www.deihm.de/wp/wp-content/uploads/2022/06/Tobias-768x768.jpeg 768w, https://www.deihm.de/wp/wp-content/uploads/2022/06/Tobias-450x450.jpeg 450w, https://www.deihm.de/wp/wp-content/uploads/2022/06/Tobias-600x600.jpeg 600w, https://www.deihm.de/wp/wp-content/uploads/2022/06/Tobias-100x100.jpeg 100w, https://www.deihm.de/wp/wp-content/uploads/2022/06/Tobias.jpeg 1512w" sizes="auto, (max-width: 1024px) 100vw, 1024px" /><figcaption class="wp-element-caption">Tobias Blum</figcaption></figure>
</figure>
</div>
</div>



<ul class="wp-block-list">
<li>Fachberater für tiergestütze Fördermaßnahmen mit Anerkennung der <em>International Society for Animal Assisted Therapy (ISAAT)</em>. Seit 2014  Unterstützung von verschieden Projekten mit Kindern auf &#8222;De lütte Hof&#8220; (siehe <a rel="noreferrer noopener" href="http://www.de-luette-hof.de/" target="_blank">www.de-luette-hof.de</a>)</li>



<li>Hundetrainer in Ausbildung nach §11</li>



<li>Schulbesuchshund&nbsp; seit 2016</li>



<li>Therapiebegleithund seit 2018</li>



<li>staatlich anerkannter Erzieher</li>
</ul>



<p></p>



<p><strong>Birgit Carstens</strong></p>



<div class="wp-block-columns is-layout-flex wp-container-core-columns-is-layout-9d6595d7 wp-block-columns-is-layout-flex">
<div class="wp-block-column is-layout-flow wp-block-column-is-layout-flow" style="flex-basis:100%">
<figure class="wp-block-gallery alignleft has-nested-images columns-default is-cropped wp-block-gallery-3 is-layout-flex wp-block-gallery-is-layout-flex">
<figure class="wp-block-image size-large"><img loading="lazy" decoding="async" width="576" height="1024" data-id="541" src="https://www.deihm.de/wp/wp-content/uploads/2022/06/Birgitt-576x1024.jpg" alt="" class="wp-image-541" srcset="https://www.deihm.de/wp/wp-content/uploads/2022/06/Birgitt-576x1024.jpg 576w, https://www.deihm.de/wp/wp-content/uploads/2022/06/Birgitt-169x300.jpg 169w, https://www.deihm.de/wp/wp-content/uploads/2022/06/Birgitt-768x1365.jpg 768w, https://www.deihm.de/wp/wp-content/uploads/2022/06/Birgitt-864x1536.jpg 864w, https://www.deihm.de/wp/wp-content/uploads/2022/06/Birgitt-600x1067.jpg 600w, https://www.deihm.de/wp/wp-content/uploads/2022/06/Birgitt.jpg 900w" sizes="auto, (max-width: 576px) 100vw, 576px" /><figcaption class="wp-element-caption">Birgitt Carstens</figcaption></figure>
</figure>
</div>
</div>



<ul class="wp-block-list">
<li>Grund-, Haupt- und Realschullehrerin</li>



<li> Schulhund seit 2017</li>



<li>Anka ist Klassenhund in einer Grundschulklasse. </li>



<li>AG-Bereich von Grund- und Oberschule.</li>



<li>Oberschulbereich zum Angstabbau und zur Wissensvermittlung.</li>



<li>Als freie Autorin schreibt Birgitt Carstens in ihrer Freizeit für unterschiedliche Verlage im Vor- und Grundschulbereich und erstellt Manuskripte für Schulaktionen.</li>
</ul>



<p></p>



<p><strong>Astrid Burmester</strong></p>



<figure class="wp-block-image size-full"><img loading="lazy" decoding="async" width="1024" height="768" src="https://www.deihm.de/wp/wp-content/uploads/2022/08/Astrid-Burmester-2.jpg" alt="" class="wp-image-839" srcset="https://www.deihm.de/wp/wp-content/uploads/2022/08/Astrid-Burmester-2.jpg 1024w, https://www.deihm.de/wp/wp-content/uploads/2022/08/Astrid-Burmester-2-300x225.jpg 300w, https://www.deihm.de/wp/wp-content/uploads/2022/08/Astrid-Burmester-2-768x576.jpg 768w, https://www.deihm.de/wp/wp-content/uploads/2022/08/Astrid-Burmester-2-600x450.jpg 600w" sizes="auto, (max-width: 1024px) 100vw, 1024px" /></figure>



<ul class="wp-block-list">
<li>Anerkannte Hundetrainerin nach §11 Tierschutzgesetz</li>



<li>Diplom Musikpädagogin</li>



<li>Seit 2013 eigene Hundeschule (<a href="http://www.teamtraininghund.de">www.teamtraininghund.de</a>)</li>



<li>Hundesportlich aktiv in Rally Obedience, Obedience, Agility und Hoopers</li>



<li>2004-2015 Rettungshundeführerin, -ausbilderin und -prüferin Fläche im ASB</li>



<li>Züchterin im Australian Shepherd Club of America (<a href="http://www.jackanapes-aussies.de">www.jackanapes-aussies.de</a>)</li>
</ul>



<p><strong>Marianne Finger</strong></p>



<div class="wp-block-columns is-layout-flex wp-container-core-columns-is-layout-9d6595d7 wp-block-columns-is-layout-flex">
<div class="wp-block-column is-layout-flow wp-block-column-is-layout-flow" style="flex-basis:100%">
<figure class="wp-block-gallery alignleft has-nested-images columns-default is-cropped wp-block-gallery-4 is-layout-flex wp-block-gallery-is-layout-flex">
<figure class="wp-block-image size-large"><img loading="lazy" decoding="async" width="724" height="1024" data-id="678" src="https://www.deihm.de/wp/wp-content/uploads/2022/06/Marianne-724x1024.jpeg" alt="" class="wp-image-678" srcset="https://www.deihm.de/wp/wp-content/uploads/2022/06/Marianne-724x1024.jpeg 724w, https://www.deihm.de/wp/wp-content/uploads/2022/06/Marianne-212x300.jpeg 212w, https://www.deihm.de/wp/wp-content/uploads/2022/06/Marianne-768x1086.jpeg 768w, https://www.deihm.de/wp/wp-content/uploads/2022/06/Marianne-600x848.jpeg 600w, https://www.deihm.de/wp/wp-content/uploads/2022/06/Marianne.jpeg 1018w" sizes="auto, (max-width: 724px) 100vw, 724px" /><figcaption class="wp-element-caption">Marianne Finger (links)</figcaption></figure>
</figure>
</div>
</div>



<ul class="wp-block-list">
<li>Zertifizierung zur Prüferin nach § 3 Abs. 3 Nieders. Gesetz über das halten von Hunden (NHundG)</li>



<li>VDH lizenzierte Ausbilderin und Prüferin</li>



<li>Schulbesuchshundeprogramm seit 2007</li>



<li>Hundebesuchsdienste in Pflegewohnstiften </li>



<li>Einzelberatung und Verhaltenstherapie</li>



<li>Verbandsrichterin des JGHV und Sonderrichter Schweiß JGH seit 1997</li>



<li>Züchterin im Verein für Pointer und Setter e.V./FCI</li>



<li>Jägerin/Falknerin seit 1987</li>
</ul>



<p></p>



<p></p>



<p></p>



<div class="wp-block-columns is-layout-flex wp-container-core-columns-is-layout-9d6595d7 wp-block-columns-is-layout-flex">
<div class="wp-block-column is-layout-flow wp-block-column-is-layout-flow" style="flex-basis:100%"></div>
</div>
